)?
9
Let g(j) = -69*j + 195. What is g(-1)?
264
Let l(k) = 2*k**3 - 103*k**2 + 168*k - 877. What is l(50)?
23
Let v(z) = z**2 + 1093*z + 23977. What is v(-22)?
415
Let l(o) = -3948*o + 63235. Give l(16).
67
Let z(f) = -f**3 + 876*f**2 - 11118*f - 87165. Give z(863).
-2
Let f(o) = -106*o**2 - 20454*o - 479. Give f(-193).
-1251
Let q(x) = x**3 - x**2 - 52*x - 7. Give q(10).
373
Let g(z) = 2*z**3 + 14*z**2 - 889*z - 45. Determine g(18).
153
Let i(p) = p**3 + 164*p**2 - 2714*p + 393. Determine i(15).
-42
Let i(b) = -15276*b + 14475. Give i(1).
-801
Let k(b) = b**3 - 24*b**2 + 253*b - 1785. Calculate k(15).
-15
Let a(c) = -2*c**3 + 130*c**2 - 909*c + 49976. Give a(64).
-8
Let i(s) = -3*s**3 - 14*s**2 - 60*s - 219. Give i(-4).
-11
Let v(t) = 5*t**3 + 998*t**2 + 593*t - 565. Determine v(-199).
231
Let y(q) = 2*q**2 + 9744*q - 126969. Give y(13).
41
Let m(a) = -469*a**2 - 7934*a + 661. Determine m(-17).
-2
Let j(a) = -8*a**2 + 135*a + 3824. Determine j(-15).
-1
Let f(i) = -1504*i + 7647. Give f(5).
127
Let f(g) = 135*g + 9498. Determine f(-70).
48
Let t(r) = -611*r - 29926. Determine t(-49).
13
Let m(y) = -558*y - 1966. What is m(-2)?
-850
Let a(h) = -h**3 - 79*h**2 + 81*h + 73. What is a(-80)?
-7
Let o(u) = 31*u**2 + 285*u - 763. Determine o(3).
371
Let v(u) = 30*u - 1519. Calculate v(10).
-1219
Let o(z) = -8*z**3 - 4785*z**2 + 675*z + 761249. Determine o(-598).
-5
Let y(q) = 1666*q - 57211. What is y(34)?
-567
Let v(b) = -303*b + 5828. What is v(20)?
-232
Let u(t) = -t**2 + 198*t - 5952. What is u(38)?
128
Let h(g) = 12*g**3 - 12*g**2 + 14*g + 50. Calculate h(-4).
-966
Let a(t) = -9*t + 2542. What is a(37)?
2209
Let r(a) = a**2 - 1876196*a + 7504770. What is r(4)?
2
Let h(v) = -215*v**2 - 1115*v + 4470. Determine h(4).
-3430
Let s(p) = -5471*p + 5478. What is s(1)?
7
Let o(w) = -2*w**2 + 781*w - 2323. Give o(3).
2
Let v(n) = 207763*n - 2077646. Calculate v(10).
-16
Let r(t) = t**2 + 50*t - 10452. Determine r(-130).
-52
Let o(q) = 17*q**2 + 650*q - 2131. Calculate o(3).
-28
Let p(x) = -x**3 + 888*x**2 - 43483*x + 9174. Calculate p(836).
-22
Let w(f) = 2*f**3 - 22*f**2 + 108*f + 54. Give w(8).
534
Let s(b) = -632*b + 844. Give s(1).
212
Let j(m) = -m**3 + 12*m**2 - 52*m + 234. What is j(9)?
9
Let y(p) = 160935*p - 8207697. Give y(51).
-12
Let y(s) = 2*s**2 + 22038*s + 1402236. What is y(-64)?
-4
Let b(i) = -721*i - 142798. Give b(-198).
-40
Let i(z) = 554*z**2 + 32678*z - 349. Calculate i(-59).
123
Let r(p) = -2*p**2 - 889*p - 33409. Calculate r(-41).
-322
Let c(v) = 504*v**2 + 3511*v + 4958. What is c(-5)?
3
Let p(t) = t**3 + 20*t**2 - 2675*t + 15109. What is p(6)?
-5
Let j(i) = 60094*i + 60109. Determine j(-1).
15
Let h(y) = -6*y**2 - 3194*y - 52567. Calculate h(-17).
-3
Let x(r) = -17410*r - 69596. Calculate x(-4).
44
Let n(m) = -55*m**2 + 5069*m - 902. Determine n(92).
-74
Let u(v) = -v**2 - 1529*v - 239312. Give u(-177).
-8
Let h(c) = -11349*c + 930584. Calculate h(82).
-34
Let d(c) = -311*c**3 + 19*c**2 - 18*c + 7. What is d(1)?
-303
Let d(s) = 12441*s - 13983684. Calculate d(1124).
0
Let v(g) = -3*g**2 + 110*g + 179. Determine v(37).
142
Let v(c) = 1024*c - 230403. What is v(225)?
-3
Let m(j) = j**2 - 127*j - 3805. Give m(152).
-5
Let c(d) = -652*d - 2975. What is c(-5)?
285
Let l(m) = -5996*m - 44688. Give l(-8).
3280
Let o(t) = -61081*t + 6047061. Calculate o(99).
42
Let v(c) = c**3 + 31*c**2 + 5*c - 197. What is v(-30)?
553
Let v(p) = -213*p**2 + 3630*p - 15420. Calculate v(8).
-12
Let d(q) = q**3 + 74*q**2 - 121*q + 8546. Determine d(-77).
76
Let y(w) = 3*w**2 - 4995*w - 85745. Give y(-17).
37
Let v(d) = -42*d**2 + 45819*d + 415774. Give v(-9).
1
Let w(l) = l**2 - 12294*l - 221645. Determine w(-18).
-29
Let f(s) = -83*s**2 - 899*s - 4505. What is f(-5)?
-2085
Let u(g) = -68*g - 832. Determine u(-18).
392
Let t(i) = -323*i + 3985. Calculate t(11).
432
Let p(a) = 14276*a - 13229. What is p(1)?
1047
Let k(f) = -2*f**2 - 8102*f - 5137534. Give k(-787).
2
Let s(a) = -1976*a - 175669. Determine s(-89).
195
Let q(a) = -a**3 + 30*a**2 + 946*a - 735. Calculate q(49).
0
Let i(u) = -54*u**2 - 153*u + 152. What is i(1)?
-55
Let i(b) = -3*b**3 + 62*b**2 - 292*b + 247. Give i(6).
79
Let z(o) = o**2 + 416*o + 27626. Determine z(-85).
-509
Let h(v) = v**3 - 2*v**2 + 388*v - 3474. Give h(8).
14
Let g(s) = 4704*s + 174043. Calculate g(-37).
-5
Let k(d) = -3966*d + 475933. What is k(120)?
13
Let q(g) = -g**3 - 41*g**2 + 1470*g - 109. Determine q(-64).
19
Let q(r) = -25*r**2 - 243*r - 1324. What is q(-6)?
-766
Let y(g) = -2*g**3 - 11*g**2 - 7*g - 28. Determine y(-7).
168
Let d(p) = 45*p**2 + 589*p - 20. Give d(-13).
-72
Let k(r) = 44*r**2 + 2341*r - 433. Give k(-53).
-910
Let c(z) = z**3 - 204*z**2 - 4390*z + 895555. Give c(204).
-5
Let i(b) = -7262*b - 7309. Calculate i(-1).
-47
Let l(c) = -32*c**2 - 131*c - 532. Determine l(-5).
-677
Let q(c) = c**3 + 217*c**2 + 39*c + 8267. Give q(-217).
-196
Let s(l) = 1181*l - 503115. Calculate s(426).
-9
Let j(m) = -m**3 + 10*m**2 - 62*m + 168. Give j(5).
-17
Let c(o) = -o**2 - 605*o + 370197. Determine c(377).
-17
Let y(g) = 25270*g + 480496. Give y(-19).
366
Let h(s) = 2*s**2 + s - 281. Calculate h(-9).
-128
Let z(k) = k**2 + 3904*k - 282350. Give z(71).
-125
Let o(a) = -a**2 - 11359*a + 10064815. What is o(826)?
5
Let j(i) = 18*i**2 - 296*i + 280. Determine j(1).
2
Let z(n) = -253*n**2 - 250*n + 499. Give z(2).
-1013
Let o(y) = -101*y - 988. Give o(-10).
22
Let m(d) = -2328*d + 23158. Give m(10).
-122
Let m(q) = -2*q**3 + 50*q**2 + 275*q + 727. Calculate m(30).
-23
Let g(r) = 261011*r - 1827076. Determine g(7).
1
Let k(b) = -3*b**3 - 1043*b**2 - 6177*b + 1. Give k(-6).
163
Let v(p) = -44*p**2 - 3381*p + 562. Give v(-77).
23
Let s(n) = -612*n - 332320. Give s(-543).
-4
Let m(k) = -20*k**2 + 51*k + 319. Calculate m(-3).
-14
Let s(q) = 3*q**2 - 2914*q - 1535. What is s(0)?
-1535
Let d(o) = 2478*o + 26197. Determine d(-10).
1417
Let s(n) = 14277*n + 271258. Determine s(-19).
-5
Let o(l) = 266*l**3 - 2241*l**2 + 2242*l - 2. Calculate o(1).
265
Let m(x) = 161094*x - 966613. Give m(6).
-49
Let j(r) = r**3 - 28*r**2 - 31*r - 654. Give j(0).
-654
Let q(i) = 2*i**3 + 100*i**2 - 97*i - 756. Give q(-51).
-1011
Let h(j) = -j**3 - 11*j**2 + 3849*j - 10446. Give h(-69).
111
Let h(i) = -4*i**3 + 3*i**2 + 533*i - 2120. Calculate h(4).
-196
Let f(d) = -d**3 + 32*d**2 + 49*d + 947. Give f(34).
301
Let n(w) = -w**2 + 4*w - 196. Determine n(-4).
-228
Let n(t) = t**3 + 7*t**2 - 802*t + 4422. Determine n(21).
-72
Let b(d) = -2*d**2 + 564*d - 23535. Determine b(51).
27
Let d(j) = -4074*j + 52665. Give d(13).
-297
Let k(l) = l**3 + 156*l**2 + 94*l + 14392. Calculate k(-156).
-272
Let f(x) = 43*x**3 + 41*x**2 - 230*x - 64. Give f(5).
5186
Let v(f) = 2*f**2 + 1745*f - 82629. Calculate v(45).
-54
Let g(s) = -5*s**3 - 6294*s**2 + 1239*s - 25204. Determine g(-1259).
-24
Let g(p) = p**2 - 19371*p - 873595. Calculate g(-45).
125
Let t(l) = 280*l**2 + 670*l - 4533. Determine t(3).
-3
Let n(m) = 3*m**3 + 49*m**2 - 1009*m + 3442. Give n(5).
-3
Let j(w) = 3*w**3 + 259*w**2 + 3588*w + 76. Calculate j(-69).
76
Let y(q) = 9393*q - 207005. Give y(22).
-359
Let x(o) = -5*o**2 - 243*o - 806. Calculate x(-45).
4
Let z(o) = -3*o**3 + 292*o**2 + 7350*o - 3994. Determine z(118).
18
Let i(x) = x**3 - 327*x**2 - 946*x + 147. Determine i(-3).
15
Let w(p) = 2*p**3 - 91*p**2 - 166*p + 84. Give w(48).
3636
Let c(j) = 2*j**2 + 179*j + 1015. Calculate c(-17).
-1450
Let z(r) = 12829*r + 25463. Calculate z(-2).
-195
Let r(i) = -i**3 + 483*i**2 + 2030*i - 39909. Determine r(487).
25
Let k(j) = 17143*j + 13245. Give k(-1).
-3898
Let c(a) = -10*a + 915. Calculate c(98).
-65
Let o(p) = -p**3 - 38*p**2 + 3803*p + 152751. What is o(-42)?
81
Let o(x) = x**2 - 635*x + 64517. Determine o(127).
1
Let r(s) = -s**3 + 153*s**2 - 1050*s + 162. Determine r(7).
-34
Let z(o) = -2*o**2 + 368*o - 12043. Calculate z(42).
-115
Let a(g) = 2*g**2 + 51*g + 600. Determine a(-53).
3515
Let b(h) = 2*h**3 - 21*h**2 + 5*h + 113. Calculate b(10).
63
Let a(p) = 110*p + 6050. Calculate a(-52).
330
Let y(t) = -1536*t - 7735. Give y(-5).
-55
Let h(t) = -3*t**3 + 1862*t**2 + 5605*t - 6. Determine h(-3).
18
Let b(h) = 3879*h - 1776658. Give b(458).
-76
Let n(c) = -868*c + 11204. What is n(13)?
-80
Let d